{"id":23086,"date":"2026-03-13T11:38:01","date_gmt":"2026-03-13T16:38:01","guid":{"rendered":"https:\/\/tiendaao.com\/Ecomerce\/producto\/televisor-challenger-55-smart-android-55bo67\/"},"modified":"2026-03-13T11:38:04","modified_gmt":"2026-03-13T16:38:04","slug":"televisor-challenger-55-smart-android-55bo67","status":"publish","type":"product","link":"https:\/\/tiendaao.com\/Ecomerce\/producto\/televisor-challenger-55-smart-android-55bo67\/","title":{"rendered":"Televisor Challenger 55&#8243; Smart Android | 55BO67"},"content":{"rendered":"<p>Disfruta de una experiencia visual superior con el TV UHD 55\u00bb con resoluci\u00f3n 4K HDR10, Android TV, control por voz con Google, Bluetooth 5.0, Chromecast, Dolby Audio y m\u00e1s caracter\u00edsticas avanzadas para un entretenimiento sin l\u00edmites.<\/p>\n","protected":false},"excerpt":{"rendered":"<ul>\n<li>Pantalla LED 55&#8243; 4K UHD HDR10 para im\u00e1genes m\u00e1s n\u00edtidas y realistas.<\/li>\n<li>Android TV con Chromecast integrado y control por voz \u201cHey Google\u201d.<\/li>\n<li>Conectividad Bluetooth 5.0, WiFi dual y 3 puertos HDMI.<\/li>\n<li>Sonido Dolby 20W y dise\u00f1o elegante con bordes delgados.<\/li>\n<\/ul>\n","protected":false},"featured_media":6709,"comment_status":"open","ping_status":"closed","template":"","meta":{"_acf_changed":false,"_joinchat":[]},"product_brand":[1798],"product_cat":[633,322,2113],"product_tag":[1690,1688,1685,1687,1683,1684,1686,1689],"class_list":{"0":"post-23086","1":"product","2":"type-product","3":"status-publish","4":"has-post-thumbnail","6":"product_brand-92-challenger","7":"product_cat-televisores","8":"product_cat-tecnologia","9":"product_cat-televisores-tecnologia","10":"product_tag-comprar-televisor-55-pulgadas","11":"product_tag-smart-tv-colombia-55","12":"product_tag-televisor-android-55-challenger","13":"product_tag-televisor-led-55-pulgadas","14":"product_tag-televisor-smart-tv-55-pulgadas","15":"product_tag-tv-4k-uhd-android","16":"product_tag-tv-con-bluetooth-y-chromecast","17":"product_tag-tv-uhd-4k-hdr10","19":"first","20":"instock","21":"sale","22":"featured","23":"shipping-taxable","24":"purchasable","25":"product-type-simple"},"acf":[],"_links":{"self":[{"href":"https:\/\/tiendaao.com\/Ecomerce\/wp-json\/wp\/v2\/product\/23086","targetHints":{"allow":["GET"]}}],"collection":[{"href":"https:\/\/tiendaao.com\/Ecomerce\/wp-json\/wp\/v2\/product"}],"about":[{"href":"https:\/\/tiendaao.com\/Ecomerce\/wp-json\/wp\/v2\/types\/product"}],"replies":[{"embeddable":true,"href":"https:\/\/tiendaao.com\/Ecomerce\/wp-json\/wp\/v2\/comments?post=23086"}],"version-history":[{"count":0,"href":"https:\/\/tiendaao.com\/Ecomerce\/wp-json\/wp\/v2\/product\/23086\/revisions"}],"wp:featuredmedia":[{"embeddable":true,"href":"https:\/\/tiendaao.com\/Ecomerce\/wp-json\/wp\/v2\/media\/6709"}],"wp:attachment":[{"href":"https:\/\/tiendaao.com\/Ecomerce\/wp-json\/wp\/v2\/media?parent=23086"}],"wp:term":[{"taxonomy":"product_brand","embeddable":true,"href":"https:\/\/tiendaao.com\/Ecomerce\/wp-json\/wp\/v2\/product_brand?post=23086"},{"taxonomy":"product_cat","embeddable":true,"href":"https:\/\/tiendaao.com\/Ecomerce\/wp-json\/wp\/v2\/product_cat?post=23086"},{"taxonomy":"product_tag","embeddable":true,"href":"https:\/\/tiendaao.com\/Ecomerce\/wp-json\/wp\/v2\/product_tag?post=23086"}],"curies":[{"name":"wp","href":"https:\/\/api.w.org\/{rel}","templated":true}]}}