{"id":23089,"date":"2026-03-13T11:38:09","date_gmt":"2026-03-13T16:38:09","guid":{"rendered":"https:\/\/tiendaao.com\/Ecomerce\/producto\/nevera-no-frost-470-l-mabe-rmp470ycu\/"},"modified":"2026-03-13T11:38:10","modified_gmt":"2026-03-13T16:38:10","slug":"nevera-no-frost-470-l-mabe-rmp470ycu","status":"publish","type":"product","link":"https:\/\/tiendaao.com\/Ecomerce\/producto\/nevera-no-frost-470-l-mabe-rmp470ycu\/","title":{"rendered":"Nevera No Frost 470 L Mabe | RMP470YCU"},"content":{"rendered":"<p>Descubre la elegante y espaciosa nevera Mabe RMP470YCU de 470 L brutos (442 L netos) con acabado en acero inoxidable. Su tecnolog\u00eda \u201cHome Energy Saver\u201d permite ahorrar hasta un 67 % de energ\u00eda. Cuenta con sistema \u201cTotal Fresh Flow\u201d para una mejor distribuci\u00f3n del fr\u00edo, apertura tipo pocket, dispensador de agua de 2 L, bandejas de cristal templado, caj\u00f3n \u201cCool Zone\u201d para carnes y embutidos, y luz LED interior.<\/p>\n","protected":false},"excerpt":{"rendered":"<ul>\n<li>Ahorra hasta 67 % de energ\u00eda con tecnolog\u00eda Home Energy Saver.<\/li>\n<li>Dise\u00f1o en acero inoxidable con jaladera tipo pocket vertical<\/li>\n<li>1 desmoldador de hielos \u00abIce Twist\u00bb<\/li>\n<li>Despachador de agua 2 L<\/li>\n<li>Bandejas de cristal templado y cajones \u201cCool Zone\u201d para carnes y embutidos.<\/li>\n<\/ul>\n","protected":false},"featured_media":6708,"comment_status":"open","ping_status":"closed","template":"","meta":{"_acf_changed":false,"_joinchat":[]},"product_brand":[789],"product_cat":[597,599],"product_tag":[],"class_list":{"0":"post-23089","1":"product","2":"type-product","3":"status-publish","4":"has-post-thumbnail","6":"product_brand-3-mabe","7":"product_cat-electrohogar","8":"product_cat-neveras","10":"first","11":"instock","12":"sale","13":"featured","14":"shipping-taxable","15":"purchasable","16":"product-type-simple"},"acf":[],"_links":{"self":[{"href":"https:\/\/tiendaao.com\/Ecomerce\/wp-json\/wp\/v2\/product\/23089","targetHints":{"allow":["GET"]}}],"collection":[{"href":"https:\/\/tiendaao.com\/Ecomerce\/wp-json\/wp\/v2\/product"}],"about":[{"href":"https:\/\/tiendaao.com\/Ecomerce\/wp-json\/wp\/v2\/types\/product"}],"replies":[{"embeddable":true,"href":"https:\/\/tiendaao.com\/Ecomerce\/wp-json\/wp\/v2\/comments?post=23089"}],"version-history":[{"count":0,"href":"https:\/\/tiendaao.com\/Ecomerce\/wp-json\/wp\/v2\/product\/23089\/revisions"}],"wp:featuredmedia":[{"embeddable":true,"href":"https:\/\/tiendaao.com\/Ecomerce\/wp-json\/wp\/v2\/media\/6708"}],"wp:attachment":[{"href":"https:\/\/tiendaao.com\/Ecomerce\/wp-json\/wp\/v2\/media?parent=23089"}],"wp:term":[{"taxonomy":"product_brand","embeddable":true,"href":"https:\/\/tiendaao.com\/Ecomerce\/wp-json\/wp\/v2\/product_brand?post=23089"},{"taxonomy":"product_cat","embeddable":true,"href":"https:\/\/tiendaao.com\/Ecomerce\/wp-json\/wp\/v2\/product_cat?post=23089"},{"taxonomy":"product_tag","embeddable":true,"href":"https:\/\/tiendaao.com\/Ecomerce\/wp-json\/wp\/v2\/product_tag?post=23089"}],"curies":[{"name":"wp","href":"https:\/\/api.w.org\/{rel}","templated":true}]}}