{"id":7337,"date":"2026-02-21T11:39:50","date_gmt":"2026-02-21T16:39:50","guid":{"rendered":"https:\/\/tiendaao.com\/Ecomerce\/producto\/congelador-142l-blanco-midea-mdrc142fgm0\/"},"modified":"2026-04-04T00:08:12","modified_gmt":"2026-04-04T05:08:12","slug":"congelador-142l-blanco-midea-mdrc142fgm0","status":"publish","type":"product","link":"https:\/\/tiendaao.com\/Ecomerce\/producto\/congelador-142l-blanco-midea-mdrc142fgm0\/","title":{"rendered":"Congelador 142L Blanco Midea | MDRC142FGM0"},"content":{"rendered":"<p>congelador horizontal blanco con Triple Cooling System que permite refrigerar, conservar y congelar eficientemente. Cuenta con jaladera con llave de seguridad e iluminaci\u00f3n LED, dise\u00f1o f\u00e1cil de limpiar y tecnolog\u00eda Xtreme Save para un ahorro de energ\u00eda de hasta 26,8 %. Su capacidad de 142 L<\/p>\n","protected":false},"excerpt":{"rendered":"<ul>\n<li>Refrigerar, Conservar, Congelar.<\/li>\n<li>Jaladera integrada con llave de seguridad<\/li>\n<li>Iluminaci\u00f3n LED<\/li>\n<li>Seguro en puerta con llave<\/li>\n<\/ul>\n","protected":false},"featured_media":6696,"comment_status":"open","ping_status":"closed","template":"","meta":{"_acf_changed":false,"_joinchat":[]},"product_brand":[503],"product_cat":[597,1585],"product_tag":[1607,1611,1609,1610,1613,1604,1605,1612,1606,1608],"class_list":{"0":"post-7337","1":"product","2":"type-product","3":"status-publish","4":"has-post-thumbnail","6":"product_brand-5-midea","7":"product_cat-electrohogar","8":"product_cat-refrigeracion-comercial","9":"product_tag-congelador-142-litros","10":"product_tag-congelador-ahorrador-de-energia","11":"product_tag-congelador-blanco","12":"product_tag-congelador-con-llave","13":"product_tag-congelador-eficiente","14":"product_tag-congelador-horizontal","15":"product_tag-congelador-midea","16":"product_tag-congelador-para-hogar","17":"product_tag-mdrc142fgm0","18":"product_tag-triple-cooling-system","20":"first","21":"instock","22":"featured","23":"shipping-taxable","24":"purchasable","25":"product-type-simple"},"acf":[],"_links":{"self":[{"href":"https:\/\/tiendaao.com\/Ecomerce\/wp-json\/wp\/v2\/product\/7337","targetHints":{"allow":["GET"]}}],"collection":[{"href":"https:\/\/tiendaao.com\/Ecomerce\/wp-json\/wp\/v2\/product"}],"about":[{"href":"https:\/\/tiendaao.com\/Ecomerce\/wp-json\/wp\/v2\/types\/product"}],"replies":[{"embeddable":true,"href":"https:\/\/tiendaao.com\/Ecomerce\/wp-json\/wp\/v2\/comments?post=7337"}],"version-history":[{"count":0,"href":"https:\/\/tiendaao.com\/Ecomerce\/wp-json\/wp\/v2\/product\/7337\/revisions"}],"wp:featuredmedia":[{"embeddable":true,"href":"https:\/\/tiendaao.com\/Ecomerce\/wp-json\/wp\/v2\/media\/6696"}],"wp:attachment":[{"href":"https:\/\/tiendaao.com\/Ecomerce\/wp-json\/wp\/v2\/media?parent=7337"}],"wp:term":[{"taxonomy":"product_brand","embeddable":true,"href":"https:\/\/tiendaao.com\/Ecomerce\/wp-json\/wp\/v2\/product_brand?post=7337"},{"taxonomy":"product_cat","embeddable":true,"href":"https:\/\/tiendaao.com\/Ecomerce\/wp-json\/wp\/v2\/product_cat?post=7337"},{"taxonomy":"product_tag","embeddable":true,"href":"https:\/\/tiendaao.com\/Ecomerce\/wp-json\/wp\/v2\/product_tag?post=7337"}],"curies":[{"name":"wp","href":"https:\/\/api.w.org\/{rel}","templated":true}]}}