{"id":7340,"date":"2026-02-21T11:39:53","date_gmt":"2026-02-21T16:39:53","guid":{"rendered":"https:\/\/tiendaao.com\/Ecomerce\/producto\/cubierta-de-empotrar-60cm-vidrio-templado-negra-mabe-cmg6044v0\/"},"modified":"2026-04-22T00:45:05","modified_gmt":"2026-04-22T05:45:05","slug":"cubierta-de-empotrar-60cm-vidrio-templado-negra-mabe-cmg6044v0","status":"publish","type":"product","link":"https:\/\/tiendaao.com\/Ecomerce\/producto\/cubierta-de-empotrar-60cm-vidrio-templado-negra-mabe-cmg6044v0\/","title":{"rendered":"Cubierta de Empotrar 60cm Vidrio Templado Negra Mabe | CMG6044V0"},"content":{"rendered":"<p>Cubierta de empotrar 60 cm en vidrio templado negro con 4 quemadores multitan tama\u00f1o, encendido electr\u00f3nico y parrillas de hierro fundido para cocinar r\u00e1pido y con estilo. Dise\u00f1o moderno y f\u00e1cil limpieza, ideal para tu cocina a gas. Compra aqu\u00ed y equ\u00edpala con calidad Mabe.<\/p>\n","protected":false},"excerpt":{"rendered":"<ul>\n<li>Gas natural<\/li>\n<li>4 parrilas superiores de hierro fundido<\/li>\n<li>Cubierta sellada de vidrio negro<\/li>\n<li>Encendido electr\u00f3nico integrado a perillas<\/li>\n<\/ul>\n","protected":false},"featured_media":6699,"comment_status":"open","ping_status":"closed","template":"","meta":{"_acf_changed":false,"_joinchat":[]},"product_brand":[789],"product_cat":[631,597],"product_tag":[1634,1638,1637,1635,1632,1639,1636,1640,1633,1568],"class_list":{"0":"post-7340","1":"product","2":"type-product","3":"status-publish","4":"has-post-thumbnail","6":"product_brand-3-mabe","7":"product_cat-cocina","8":"product_cat-electrohogar","9":"product_tag-cocina-empotrada-mabe","10":"product_tag-cocina-moderna-vidrio","11":"product_tag-comprar-cubierta-de-cocina","12":"product_tag-cubierta-de-cocina-60-cm","13":"product_tag-cubierta-de-empotrar-mabe-60-cm","14":"product_tag-cubierta-mabe-eficiente","15":"product_tag-cubierta-negra-mabe","16":"product_tag-cubierta-para-cocina-colombia","17":"product_tag-cubierta-vidrio-templado-negra","18":"product_tag-tienda-ao-electrodomesticos","20":"first","21":"instock","22":"featured","23":"shipping-taxable","24":"purchasable","25":"product-type-simple"},"acf":[],"_links":{"self":[{"href":"https:\/\/tiendaao.com\/Ecomerce\/wp-json\/wp\/v2\/product\/7340","targetHints":{"allow":["GET"]}}],"collection":[{"href":"https:\/\/tiendaao.com\/Ecomerce\/wp-json\/wp\/v2\/product"}],"about":[{"href":"https:\/\/tiendaao.com\/Ecomerce\/wp-json\/wp\/v2\/types\/product"}],"replies":[{"embeddable":true,"href":"https:\/\/tiendaao.com\/Ecomerce\/wp-json\/wp\/v2\/comments?post=7340"}],"version-history":[{"count":0,"href":"https:\/\/tiendaao.com\/Ecomerce\/wp-json\/wp\/v2\/product\/7340\/revisions"}],"wp:featuredmedia":[{"embeddable":true,"href":"https:\/\/tiendaao.com\/Ecomerce\/wp-json\/wp\/v2\/media\/6699"}],"wp:attachment":[{"href":"https:\/\/tiendaao.com\/Ecomerce\/wp-json\/wp\/v2\/media?parent=7340"}],"wp:term":[{"taxonomy":"product_brand","embeddable":true,"href":"https:\/\/tiendaao.com\/Ecomerce\/wp-json\/wp\/v2\/product_brand?post=7340"},{"taxonomy":"product_cat","embeddable":true,"href":"https:\/\/tiendaao.com\/Ecomerce\/wp-json\/wp\/v2\/product_cat?post=7340"},{"taxonomy":"product_tag","embeddable":true,"href":"https:\/\/tiendaao.com\/Ecomerce\/wp-json\/wp\/v2\/product_tag?post=7340"}],"curies":[{"name":"wp","href":"https:\/\/api.w.org\/{rel}","templated":true}]}}