{"id":7367,"date":"2026-02-21T11:40:26","date_gmt":"2026-02-21T16:40:26","guid":{"rendered":"https:\/\/tiendaao.com\/Ecomerce\/producto\/colchon-ao-eurotop-con-pillow-top-superior-interno-y-resortes-pocket-con-firmeza-medium-media\/"},"modified":"2026-04-04T00:08:16","modified_gmt":"2026-04-04T05:08:16","slug":"colchon-ao-eurotop-con-pillow-top-superior-interno-y-resortes-pocket-con-firmeza-medium-media","status":"publish","type":"product","link":"https:\/\/tiendaao.com\/Ecomerce\/producto\/colchon-ao-eurotop-con-pillow-top-superior-interno-y-resortes-pocket-con-firmeza-medium-media\/","title":{"rendered":"Colch\u00f3n AO Eurotop, con Pillow Top superior interno y resortes Pocket con Firmeza Medium\/Media"},"content":{"rendered":"<p>Descubre el placer del dormir, en nuestro Colch\u00f3n Eurotop. Su espuma  permite la adaptaci\u00f3n perfecta para tu cuerpo y su tecnolog\u00eda  resortes tipo pocket evita la transferencia de movimiento de un lado a otro. se adapta a los contornos del cuerpo y disminuye los puntos de presi\u00f3n, pillotop en la cara superior.    <\/p>\n","protected":false},"excerpt":{"rendered":"<ul>\n<li>Ortop\u00e9dico<\/li>\n<li>Resortado tipo pocket, no transmite el movimiento<\/li>\n<li>Fimerza: Medium \/ Media<\/li>\n<li>Soporta hasta 85 Kg por persona<\/li>\n<li>Pillow Top Superior interno<\/li>\n<li>Tela tejido de punto con tratamientos anti\u00e1caros y antial\u00e9rgicos<\/li>\n<\/ul>\n","protected":false},"featured_media":7049,"comment_status":"open","ping_status":"closed","template":"","meta":{"_acf_changed":false,"_joinchat":[]},"product_brand":[685],"product_cat":[622,774],"product_tag":[729,1873,1867,1870,1865,1852,1872,734,1868,1871,1864,1869,1857],"class_list":{"0":"post-7367","1":"product","2":"type-product","3":"status-publish","4":"has-post-thumbnail","6":"product_brand-1-ao","7":"product_cat-colchones","8":"product_cat-colchones-con-resorte-pocket-colchones","9":"product_tag-colchon-antialergico","10":"product_tag-colchon-doble","11":"product_tag-colchon-eurotop","12":"product_tag-colchon-firmeza-media","13":"product_tag-colchon-king","14":"product_tag-colchon-ortopedico","15":"product_tag-colchon-para-parejas","16":"product_tag-colchon-pillow-top","17":"product_tag-colchon-pocket-spring","18":"product_tag-colchon-que-no-transmite-movimiento","19":"product_tag-colchon-queen","20":"product_tag-colchon-resortes-independientes","21":"product_tag-colchones-tienda-ao","23":"first","24":"instock","25":"shipping-taxable","26":"purchasable","27":"product-type-variable"},"acf":[],"_links":{"self":[{"href":"https:\/\/tiendaao.com\/Ecomerce\/wp-json\/wp\/v2\/product\/7367","targetHints":{"allow":["GET"]}}],"collection":[{"href":"https:\/\/tiendaao.com\/Ecomerce\/wp-json\/wp\/v2\/product"}],"about":[{"href":"https:\/\/tiendaao.com\/Ecomerce\/wp-json\/wp\/v2\/types\/product"}],"replies":[{"embeddable":true,"href":"https:\/\/tiendaao.com\/Ecomerce\/wp-json\/wp\/v2\/comments?post=7367"}],"version-history":[{"count":1,"href":"https:\/\/tiendaao.com\/Ecomerce\/wp-json\/wp\/v2\/product\/7367\/revisions"}],"predecessor-version":[{"id":7807,"href":"https:\/\/tiendaao.com\/Ecomerce\/wp-json\/wp\/v2\/product\/7367\/revisions\/7807"}],"wp:featuredmedia":[{"embeddable":true,"href":"https:\/\/tiendaao.com\/Ecomerce\/wp-json\/wp\/v2\/media\/7049"}],"wp:attachment":[{"href":"https:\/\/tiendaao.com\/Ecomerce\/wp-json\/wp\/v2\/media?parent=7367"}],"wp:term":[{"taxonomy":"product_brand","embeddable":true,"href":"https:\/\/tiendaao.com\/Ecomerce\/wp-json\/wp\/v2\/product_brand?post=7367"},{"taxonomy":"product_cat","embeddable":true,"href":"https:\/\/tiendaao.com\/Ecomerce\/wp-json\/wp\/v2\/product_cat?post=7367"},{"taxonomy":"product_tag","embeddable":true,"href":"https:\/\/tiendaao.com\/Ecomerce\/wp-json\/wp\/v2\/product_tag?post=7367"}],"curies":[{"name":"wp","href":"https:\/\/api.w.org\/{rel}","templated":true}]}}